{"id":1079,"date":"2022-08-05T12:59:39","date_gmt":"2022-08-05T12:59:39","guid":{"rendered":"https:\/\/chezferclou.fr\/?page_id=1079"},"modified":"2024-08-01T21:43:36","modified_gmt":"2024-08-01T20:43:36","slug":"nos-vins","status":"publish","type":"page","link":"https:\/\/chezferclou.fr\/?page_id=1079","title":{"rendered":"Nos Vins"},"content":{"rendered":"\n<div class=\"wp-block-uagb-advanced-heading uagb-block-71664a03\"><h3 class=\"uagb-heading-text\">Les vins sont propos\u00e9s en bouteille de 75 cl<br>Une s\u00e9lection de 2 vins par semaine sera propos\u00e9 au verre<\/h3><\/div>\n\n\n\n<div style=\"height:30px\" aria-hidden=\"true\" class=\"wp-block-spacer\"><\/div>\n\n\n\n<div class=\"wp-block-uagb-image aligncenter uagb-block-ba41651e wp-block-uagb-image--layout-default wp-block-uagb-image--effect-static wp-block-uagb-image--align-center\"><figure class=\"wp-block-uagb-image__figure\"><img loading=\"lazy\" decoding=\"async\" srcset=\"https:\/\/chezferclou.fr\/wp-content\/uploads\/2024\/08\/WhatsApp-Image-2024-08-01-at-21.42.41.jpeg ,https:\/\/chezferclou.fr\/wp-content\/uploads\/2024\/08\/WhatsApp-Image-2024-08-01-at-21.42.41.jpeg 780w, https:\/\/chezferclou.fr\/wp-content\/uploads\/2024\/08\/WhatsApp-Image-2024-08-01-at-21.42.41.jpeg 360w\" sizes=\"auto, (max-width: 480px) 150px\" src=\"https:\/\/chezferclou.fr\/wp-content\/uploads\/2024\/08\/WhatsApp-Image-2024-08-01-at-21.42.41.jpeg\" alt=\"\" class=\"uag-image-1822\" width=\"600\" height=\"851\" title=\"WhatsApp Image 2024-08-01 at 21.42.41\" loading=\"lazy\"\/><\/figure><\/div>\n","protected":false},"excerpt":{"rendered":"<p>Les vins sont propos\u00e9s en bouteille de 75 clUne s\u00e9lection [&hellip;]<\/p>\n","protected":false},"author":1,"featured_media":0,"parent":0,"menu_order":0,"comment_status":"closed","ping_status":"closed","template":"","meta":{"om_disable_all_campaigns":false,"_uag_custom_page_level_css":"","_monsterinsights_skip_tracking":false,"_monsterinsights_sitenote_active":false,"_monsterinsights_sitenote_note":"","_monsterinsights_sitenote_category":0,"footnotes":""},"class_list":["post-1079","page","type-page","status-publish","hentry"],"aioseo_notices":[],"uagb_featured_image_src":{"full":false,"thumbnail":false,"medium":false,"medium_large":false,"large":false,"1536x1536":false,"2048x2048":false},"uagb_author_info":{"display_name":"aurelien.chaud@hotmail.fr","author_link":"https:\/\/chezferclou.fr\/?author=1"},"uagb_comment_info":0,"uagb_excerpt":"Les vins sont propos\u00e9s en bouteille de 75 clUne s\u00e9lection [&hellip;]","_links":{"self":[{"href":"https:\/\/chezferclou.fr\/index.php?rest_route=\/wp\/v2\/pages\/1079","targetHints":{"allow":["GET"]}}],"collection":[{"href":"https:\/\/chezferclou.fr\/index.php?rest_route=\/wp\/v2\/pages"}],"about":[{"href":"https:\/\/chezferclou.fr\/index.php?rest_route=\/wp\/v2\/types\/page"}],"author":[{"embeddable":true,"href":"https:\/\/chezferclou.fr\/index.php?rest_route=\/wp\/v2\/users\/1"}],"replies":[{"embeddable":true,"href":"https:\/\/chezferclou.fr\/index.php?rest_route=%2Fwp%2Fv2%2Fcomments&post=1079"}],"version-history":[{"count":30,"href":"https:\/\/chezferclou.fr\/index.php?rest_route=\/wp\/v2\/pages\/1079\/revisions"}],"predecessor-version":[{"id":1823,"href":"https:\/\/chezferclou.fr\/index.php?rest_route=\/wp\/v2\/pages\/1079\/revisions\/1823"}],"wp:attachment":[{"href":"https:\/\/chezferclou.fr\/index.php?rest_route=%2Fwp%2Fv2%2Fmedia&parent=1079"}],"curies":[{"name":"wp","href":"https:\/\/api.w.org\/{rel}","templated":true}]}}